(16). Suppose i*t - 9320 = 166*t. What is the units digit of t?
2
Let x(f) = f + 135. Let l be (-44)/(-110) - 112/5. What is the units digit of x(l)?
3
Suppose 138*z = 136*z + 8. Suppose -3083 = -5*i + 2*d, -z*d = -9*i + 10*i - 621. What is the hundreds digit of i?
6
Suppose -3*g + 62 = -7*g + 2*y, y - 63 = 4*g. What is the hundreds digit of -2*16/4*922/g?
4
Let z(y) = y**3 + 113*y**2 - 267*y - 907. What is the thousands digit of z(-110)?
4
Suppose 0 = 3*a + 2*h + 2, 2*h + 2 = -a + 4. Let w be a + 1 + 2 + 5. Suppose -5*g = 3*j - 181, g - 79 = -2*j + w*g. What is the tens digit of j?
5
Let a(x) = x**2 - 20*x + 45. Let s be a(6). What is the hundreds digit of (262/(-18))/((-13)/s)*-9?
3
Suppose 25 = -5*v + 15. What is the hundreds digit of 333 - 0 - (-5 - 3)/v?
3
Let n = 30973 + -4955. What is the units digit of n?
8
Let d be 5 + 1 + -12 + 11. Suppose 5*i - 1173 = -3*c, 383 + 394 = 2*c + d*i. What is the units digit of c?
6
Suppose -4 + 13 = 9*q. Suppose -4*c - 17 = 13*c. What is the tens digit of q/((-560)/565 - c)?
1
Let q = 50 - 50. Suppose y - 226 = -2*a, q*y = 4*y - 5*a - 943. Suppose -2*b + 4*b - y = 0. What is the tens digit of b?
1
Let m(s) = -29*s - 187. Let g be m(-7). Suppose 6*k + 12 = 2*k. What is the units digit of (4/g)/(k/(-3084))?
7
Let f = -42 + 45. Suppose q - 88 = -3*n, 4*q - 2*n + f*n - 385 = 0. Suppose -37 = 5*x - q. What is the units digit of x?
2
Let t(m) = 7 - 9 + m**3 - 10*m**2 - 13 - 15*m. Suppose 79*n + 208*n = -393 + 3837. What is the tens digit of t(n)?
9
Suppose -6267 = -15*h + 10444 + 2129. What is the thousands digit of h?
1
Let x = -507 - -354. Let j = 564 + x. What is the tens digit of j?
1
Let m(k) = 5*k + 99. Let r be m(-8). Let x = r + 150. What is the tens digit of x?
0
Let x(n) be the first derivative of 14*n**2 - 23*n - 39. What is the hundreds digit of x(9)?
2
Let n be (7 + 36/(-6))*-5. Let l be (-2)/(-4)*-1*42. What is the units digit of (-99)/l + n + (-2902)/(-14)?
7
Let r = 247 + -214. What is the hundreds digit of r/(-4)*1120/(-24)?
3
Suppose -2650 = 3*t - 5*t. Suppose t = -6*i + 11*i. What is the units digit of i?
5
Let f be 12/42 + (-102)/14. Let g(j) = j**3 + 7*j**2 - 15. Let b be g(f). Let u = b - -67. What is the tens digit of u?
5
Let j(c) = 84*c + 9047. What is the tens digit of j(-80)?
2
What is the tens digit of 48/(-80) + (115/46 - (-1133882)/20)?
9
Suppose -44 = 10*h - 164. Suppose 0 = h*n - 16*n + 2252. Let y = 799 - n. What is the hundreds digit of y?
2
Let o = -265 + 267. Suppose 51*z = f + 55*z - 226, 3*f + o*z - 718 = 0. What is the hundreds digit of f?
2
Let q(a) = a**3 + 22*a**2 + 24*a - 5. Let n be q(-20). Suppose 5*g - 1130 = -5*f, -604 = -4*f + g + n. What is the tens digit of f?
2
Let y(s) = -132*s**2 + 11*s + 23. Let c(r) = 44*r**2 - 4*r - 8. Let p(o) = -8*c(o) - 3*y(o). What is the units digit of p(3)?
8
Suppose -360592 = -40*a - 105392. What is the tens digit of a?
8
Let b(w) be the third derivative of w**6/180 + w**5/40 + 11*w**3/6 + 14*w**2. Let o(d) be the first derivative of b(d). What is the tens digit of o(4)?
4
Let q(p) = -p**2 + 23*p - 36. Let m be q(21). What is the units digit of (51/m)/(-17) + 789/2?
4
Let y(r) = 2*r**2 + 3*r - 7. Let c be y(5). Suppose 54*k - c*k + 488 = 0. What is the hundreds digit of k?
1
Let o(m) = 6*m - 51. Let n = 92 - 94. Let z be (0/1 - n)/((-1)/(-8)). What is the tens digit of o(z)?
4
Let z(p) = 490*p**2 + 2. Let u be z(1). Let s = 891 - u. What is the hundreds digit of s?
3
Suppose -s - a + 479 = -2909, -a = -4*s + 13577. What is the thousands digit of s?
3
Let i = -162 + 165. Suppose 2*n = 663 + 237. Suppose v = i*v - n. What is the hundreds digit of v?
2
Let y(g) = -2*g - 1. Let t(l) = l + 160. Let d(i) = t(i) + y(i). What is the units digit of d(0)?
9
Let p = 4872 - 1240. What is the thousands digit of p?
3
Suppose -26*z + 25*z = -431. Suppose 3*g = -2*h + 2423, -2818 = -4*g + h + z. What is the tens digit of g?
1
What is the ten thousands digit of (-2 - 12/(-5)) + (215372/5)/4?
1
Let c(k) = -31*k + 160. Let v be c(5). Suppose 19*q + 494 = 21*q - 5*y, v*y + 1265 = 5*q. What is the hundreds digit of q?
2
Suppose -4*g + 32 = 4*f, -2*g - f = 3*f - 8. Suppose g*j = 3349 + 1727. What is the hundreds digit of j?
4
Suppose 0 = -3*u - 22*m + 27*m + 11362, -4*m - 18954 = -5*u. What is the hundreds digit of u?
7
Suppose 25*m + 11*m = 12*m + 551232. What is the hundreds digit of m?
9
Let c = 227690 + -162543. What is the tens digit of c?
4
Let j be -2 + (-3 - -7) - 52/(-4). Suppose -176 - 145 = -3*a + g, -j = -5*g. Let b = 240 - a. What is the hundreds digit of b?
1
Let f(y) = -627*y + 3323. What is the ten thousands digit of f(-11)?
1
Let y(q) = -60*q**2 - 901*q - 3. Let n be y(-15). Let z(p) = 6*p**2 - 5*p + 3*p**3 - 4*p**3 + 7*p**2 - 11. What is the tens digit of z(n)?
7
Suppose w - 78 = f + 87, 0 = 4*w + 5*f - 687. Suppose 0 = -j + t + 110, 3*j + 0*t - 334 = 4*t. Let g = j + w. What is the units digit of g?
4
Let z = 6 - 15. Let c(v) = v**3 + 9*v**2 - 18*v - 21. What is the units digit of c(z)?
1
Let h = -88 - -348. Let d(q) = -q**2 - 18*q - 22. Let m be d(-16). Suppose 0 = m*g - 6*g - h. What is the units digit of g?
5
Let n be 1670/(-4) + 6/((-24)/(-2)). Let o = 200 - n. What is the units digit of o?
7
Suppose 54247*h - 54270*h = -477710. What is the thousands digit of h?
0
Let i(w) = 705*w**2 - 185*w - 1253. What is the units digit of i(-8)?
7
Suppose -6*u = -8*u + 18. Suppose -u*v + 42 = -6*v. Suppose 10*o + 376 = v*o. What is the units digit of o?
4
Let b(u) = u + 10. Let r(o) = -o + 8. Let s(j) = -j - 1. Let x(h) = r(h) - 2*s(h). Let c(v) = -2*b(v) + 3*x(v). What is the units digit of c(-8)?
2
What is the thousands digit of (1296/(-112))/(-27) + 494604/21?
3
Let s(l) = l**3 - l**2 + l - 3. Let c be s(2). Suppose 2*q + i = 281, c*q + 2*i - 7*i - 415 = 0. Let n = 213 - q. What is the tens digit of n?
7
Let r(a) = -403*a - 14. Let q(h) = -2*h**2 - 5*h + 21. Let z be q(-5). What is the units digit of r(z)?
8
Suppose 4*m - g = -4*g - 1152, -m - 287 = g. Let s = -160 - m. Let a = s - 39. What is the tens digit of a?
9
Let z = 14 - 11. Suppose 0 = -5*k + z*p + 93, 0 = -5*k - 3*p + 12 + 105. What is the tens digit of k?
2
Let a(l) = -l**2 - 19*l - 35. Let r be a(-9). Suppose -r = 2*i - 1923. What is the units digit of i?
4
Let b(r) = 267*r + 3917. What is the units digit of b(-9)?
4
Let j = 1685 - 305. Suppose -j = -2*o + 1202. What is the units digit of o?
1
Let h(b) = 38*b + b**2 - 155 - 12*b + 204. Let p be h(-24). What is the units digit of (-59)/(-2)*p*(-3 + 5)?
9
Suppose 0 = 4*p + 5*j - 60990, 5*p = -4*j + 56343 + 19890. What is the tens digit of p?
4
Let w(t) be the first derivative of -2*t**3/3 + 31*t**2/2 + 28*t - 58. What is the units digit of w(16)?
2
Suppose u = -5*y + 320 + 6975, 3*y - 4384 = -2*u. Let i = -922 + y. What is the units digit of i?
6
Let z = -4003 + 11522. What is the hundreds digit of z?
5
Suppose -1811 = 3*i - 2*t - 296, -3*i - t = 1524. Let c = i - -869. What is the units digit of c?
2
Let t = -26468 - -46950. What is the thousands digit of t?
0
Suppose -2*a + 3*b + 14628 = 0, -1 - 9 = -5*b. What is the tens digit of a?
1
Let h(s) = 31*s - 28. Let o be h(6). Suppose -216 - o = -m. What is the units digit of m?
4
Let q = -388 + 416. What is the hundreds digit of (-189)/((-15)/q - (-16)/56)?
7
Let s(g) be the second derivative of g**6/9 - g**5/60 + g**4/24 - 8*g**3/3 + 3*g. Let k(w) be the second derivative of s(w). What is the units digit of k(1)?
9
Suppose 5*c - 10 = -0. Suppose 0 = 2*x + c*y - 1272, 0*x = -2*x - y + 1274. Suppose -4*d + 0*d - j + x = 0, j + 475 = 3*d. What is the units digit of d?
9
Let c(l) = -155*l - 81. Suppose 6*s + 39 - 15 = 0. What is the units digit of c(s)?
9
Let m = -30 + 32. Suppose 4*d = 4*o, 0*d + 5*o = d + 8. Suppose d*j = -p + 70, 0*j - 35 = -j + m*p. What is the tens digit of j?
3
Suppose -12*u - 6*u + 1764 = 0. Let t = 1867 + u. What is the hundreds digit of t?
9
Let s(p) = -724*p + 3. What is the hundreds digit of s(-3)?
1
Let i(c) = 4*c - 94. Let s be i(32). Suppose 33*y = s*y - 570. What is the hundreds digit of y?
5
Let c(a) = 8*a**2 + 35*a - 26. Let d be (-31 + 30)/((-1)/10). What is the hundreds digit of c(d)?
1
Let h = -416 - -418. Let p be (-1 - (-27)/15)*5. What is t